1?
4471306
In base 12, what is -6ab + 1081b?
10130
In base 7, what is 51464253 + -6?
51464244
In base 2, what is -11101010001011 + 11110010?
-11100110011001
In base 9, what is 1772820 + 41?
1772861
In base 6, what is 140053341044 - 5?
140053341035
In base 12, what is -5 + 1aa7624?
1aa761b
In base 3, what is -1120221 - 1111112?
-10002110
In base 9, what is -2500 - 76830?
-80430
In base 12, what is 738 + -43a7?
-386b
In base 10, what is 1584 - -246506?
248090
In base 3, what is 1212 - 1120120112011?
-1120120110022
In base 6, what is -12554 - -54?
-12500
In base 15, what is b70 - 127?
a48
In base 16, what is -3719 - 232f?
-5a48
In base 2, what is -10101100011101011011010 - 0?
-10101100011101011011010
In base 16, what is -52 - 75d96?
-75de8
In base 2, what is -101100001111101011010 - 1?
-101100001111101011011
In base 3, what is 100011211012212 + -11?
100011211012201
In base 5, what is 312 + 124430?
130242
In base 5, what is 203211334224 + 10?
203211334234
In base 12, what is a60a + 434?
aa42
In base 2, what is -101 - -10110111000110101100101?
10110111000110101100000
In base 11, what is -9 + -375a31?
-375a3a
In base 14, what is -10a38 + dd?
-10939
In base 13, what is -10 + -4aa8a?
-4aa9a
In base 13, what is -b51 + -a258?
-b0a9
In base 13, what is 10b096a0 + -1?
10b0969c
In base 15, what is 1775421c + -1?
1775421b
In base 8, what is 20 - -14351322?
14351342
In base 12, what is -12362 + 213?
-1214b
In base 11, what is -4 + -3075314?
-3075318
In base 13, what is 8 + 125796?
1257a1
In base 16, what is -10a - -ca1?
b97
In base 9, what is 1884081 + 41?
1884132
In base 12, what is 65565504 + 2?
65565506
In base 11, what is 40442 - a3?
4034a
In base 7, what is 15330020 + 130?
15330150
In base 13, what is -430 + 85b9?
8189
In base 3, what is 2 + 11021120101212?
11021120101221
In base 9, what is -77 - 154620?
-154707
In base 4, what is -30312121 + 2102?
-30310013
In base 4, what is -1033001003 - -211?
-1033000132
In base 7, what is 20 - -12663535?
12663555
In base 13, what is c9b7 - -164?
cb4b
In base 5, what is 4 + -24230012244?
-24230012240
In base 10, what is -3 - -1058514?
1058511
In base 14, what is -533a484 + 5?
-533a47d
In base 5, what is -4 + -142404030?
-142404034
In base 14, what is 763 + -6a9?
98
In base 13, what is -2c785 - -9?
-2c779
In base 4, what is -221021311122 + -23?
-221021311211
In base 9, what is -1005 + 60168?
58163
In base 13, what is 3282 - 11b0?
20a2
In base 15, what is -9bc12 + -11?
-9bc23
In base 15, what is 460 - -b1d3?
b643
In base 12, what is -604 + -a07?
-140b
In base 5, what is -31042231412 + -22?
-31042231434
In base 9, what is 55 - -403551?
403616
In base 2, what is -1011100010 - -11111101111011?
11110010011001
In base 12, what is -1a26 + -1543?
-3369
In base 3, what is -1221 - -11211122220020?
11211122211022
In base 11, what is -172 - 19826?
-19998
In base 9, what is -3 - -200168442?
200168438
In base 2, what is -100100111011110 + 10100010?
-100100100111100
In base 2, what is 100001010111000 + 10101101011111?
110111000010111
In base 2, what is -100000010010011001 - -1001?
-100000010010010000
In base 12, what is 23 - -17839b?
178402
In base 7, what is 1030254 + -24?
1030230
In base 11, what is 5a81 + 3414?
9395
In base 11, what is -a + -3063020?
-306302a
In base 11, what is 35166474 + -17?
35166458
In base 5, what is -104113300 + -14?
-104113314
In base 14, what is -1b8a8 + 4b5?
-1b3d3
In base 13, what is 325784c - 1?
325784b
In base 16, what is -4 - 3ce057?
-3ce05b
In base 3, what is 22120221112111121 - -11?
22120221112111202
In base 10, what is 155 + 1671707?
1671862
In base 14, what is -a + -21659a?
-2165a6
In base 9, what is -8654 - 33456?
-43221
In base 10, what is 365912 - 2449?
363463
In base 9, what is 28544 + 3084?
32638
In base 16, what is cc - 9f2?
-926
In base 2, what is -1110101111100100 + -10100?
-1110101111111000
In base 13, what is -137c2a6 + 4?
-137c2a2
In base 7, what is 4205 - 15626?
-11421
In base 10, what is 135 - 1215660?
-1215525
In base 10, what is 13501348 - 1?
13501347
In base 11, what is -19822 - -974?
-18959
In base 9, what is -163385 + -78?
-163474
In base 7, what is 336315330 - -2?
336315332
In base 4, what is 1 - 112222123113?
-112222123112
In base 14, what is 27d54a2 - -9?
27d54ab
In base 9, what is -53044 - 55?
-53110
In base 11, what is 384a9a + 17a?
385169
In base 4, what is 2202130202301 - 10?
2202130202231
In base 10, what is 863 - 14146?
-13283
In base 4, what is -3 + 2112000322012?
2112000322003
In base 15, what is edd - -5191?
617e
In base 12, what is -467 - 1217a1?
-122048
In base 5, what is 22004 - 2010?
14444
In base 12, what is a02a - -100?
a12a
In base 5, what is 1131214033343 - -1?
1131214033344
In base 10, what is -3 + -76639964?
-76639967
In base 15, what is 420869d + b?
42086a9
In base 6, what is 242555 - 50?
242505
In base 8, what is -4635774 + 12?
-4635762
In base 12, what is -114 - -81557?
81443
In base 6, what is 22402211 + -4100?
22354111
In base 13, what is -8 + 2359c11?
2359c06
In base 4, what is -12 - 110110221?
-110110233
In base 11, what is -297a59 + 0?
-297a59
In base 11, what is 4a2 - -1092a9?
1097a0
In base 15, what is 7 + -b871e2?
-b871da
In base 16, what is -b5 - -1091?
fdc
In base 7, what is -65 + 1545411?
1545313
In base 6, what is -3133 + -2450500?
-2454033
In base 6, what is 44012231 - -31?
44012302
In base 2, what is 101000110000010111000001110011 + -10?
101000110000010111000001110001
In base 13, what is -5ab230 - -35?
-5ab1c8
In base 7, what is 15 - -32623401?
32623416
In base 15, what is 2779cb + -2?
2779c9
In base 16, what is -3522 + -608?
-3b2a
In base 10, what is 22 - 3579530?
-3579508
In base 14, what is 28 + 9232b?
92355
In base 12, what is -20506 - -2507?
-19bbb
In base 16, what is 1382a6e - -5?
1382a73
In base 13, what is 119c91 - 147?
119b47
In base 3, what is 101012201020121 - -2?
101012201020200
In base 2, what is 10010000111100 - 1000110001?
10001000001011
In base 13, what is 1 - -2c2c88?
2c2c89
In base 2, what is -111010100000011101010000 - 1?
-111010100000011101010001
In base 6, what is 20135542 - 2033?
20133505
In base 12, what is -51 + 17173?
17122
In base 15, what is -30b - -1065?
c59
In base 2, what is -1000000010000100101101 - -101?
-1000000010000100101000
In base 2, what is 100111 - 1000011100011100001000?
-1000011100011011100001
In base 4, what is 1 - -30102012320312?
30102012320313
In base 16, what is -4c828d + -e?
-4c829b
In base 6, what is -124210 - 205501?
-334111
In base 7, what is 50432 - -461?
51223
In base 13, what is -387 - -1aca?
1743
In base 16, what is -aca9d1b - -3?
-aca9d18
In base 5, what is -224 - 22224404?
-22230133
In base 4, what is -2310333020 + 12?
-2310333002
In base 11, what is -3a + 139730?
1396a1
In base 12, what is 2 + 1b0383a2?
1b0383a4
In base 16, what is -4 + 1b279e05?
1b279e01
In base 3, what is -102021111010 + -220?
-102021112000
In base 6, what is -100 + 30125312?
30125212
In base 12, what is -104b55415 + 1?
-104b55414
In base 5, what is -2011 - -110340330?
110333314
In base 9, what is 266711 - -11?
266722
In base 2, what is 101 + 11010110001101010000010?
11010110001101010000111
In base 11, what is 3048a102 + 1?
3048a103
In base 16, what is -31 - c7244?
-c7275
In base 14, what is 3dc2d + -105?
3db28
In base 10, what is 9401324 - -3?
9401327
In base 16, what is -66b0 + -21d?
-68cd
In base 12, what is 1 - -520452?
520453
In base 8, what is -321613 + -1404?
-323217
In base 2, what is 1101 - -1011110010001011110010101?
1011110010001011110100010
In base 15, what is -28d573d - -2?
-28d573b
In base 4, what is 1221 - -2013203010?
2013210231
In base 9, what is 40 - -15353713?
15353753
In base 3, what is 2002022201222 - -1?
2002022202000
In base 4, what is -103320211220 + -1?
-103320211221
In base 6, what is 313205551 - 223?
313205324
In base 13, what is 7b10796 + 5?
7b1079b
In base 8, what is -404017762 - 5?
-404017767
In base 10, what is 26 + 68920?
68946
In base 10, what is -2882298 - 51?
-2882349
In base 7, what is 13155 + -23502?
-10314
In base 3, what is -10 + 1011122002022222?
1011122002022212
In base 10, what is -606671 - 21?
-606692
In base 11, what is -752610 + 0?
-752610
In base 2, what is -1001001 + 11011110000100110101110?
11011110000100101100101
In base 16, what is -3 - 713ab?
-713ae
In base 11